of -x**2/2 - x - 2394. What is b(n)?
-6
Let g(a) = -7 - 2*a - 5*a - 21*a**2 + 23*a**2 + 5. What is g(5)?
13
Let y(b) = -b**2 - 10*b - 15. Let j be y(-9). Let t(n) = n + 4*n - 3*n + 0*n. What is t(j)?
-12
Suppose -x = 2*q + 17, q + 8 = -0*x - x. Let z = q + 14. Let t(h) = -3*h + 4*h + 0*h - 10. Calculate t(z).
-5
Let m(w) be the third derivative of -w**5/12 + w**4/24 + w**3/6 - w**2. Let o = -5 + 7. Suppose -41*y = -39*y + o. Give m(y).
-5
Let z(i) = 2*i**3 + 37*i**2 + 18*i - 3. Let n be z(-18). Let j(s) be the second derivative of -s**5/20 - s**4/6 + 2*s**3/3 - s**2/2 + s. Determine j(n).
-4
Suppose -3*f + 2*x = 5, -3*x = 4*f - 0 - 16. Suppose 3*i = 5*v + 14, 5*i = 3*v - 0*v + 18. Suppose 2*p - i = -f. Let m(l) = -5*l. Calculate m(p).
-5
Let l be -3 + -2 - (-1 + -1). Let n(g) be the second derivative of g**4/12 + g**3/2 - g**2/2 + 356*g. Determine n(l).
-1
Let p(w) = -2*w**2 - 5*w - 4. Let b be p(-8). Let a be b/20 - (-9)/15. Let k(x) be the second derivative of -x**3/3 + x**2/2 - x. Give k(a).
9
Let z(l) = l**3 + 11*l**2 - 11*l + 13. Let i be z(-12). Let x(v) = 4*v**3 + v**2 - 1. Determine x(i).
4
Let h = 5 - 2. Let g(j) = j**3 + 11. Let t(d) = 3*d**3 - d**2 + d + 30. Let v(r) = -11*g(r) + 4*t(r). Calculate v(h).
2
Let z(m) be the first derivative of -m**4/12 - m**3/3 + 3*m**2/2 - 18*m - 21. Let n(q) be the first derivative of z(q). Let a be -1*3 - (-1 - -2). Give n(a).
-5
Let g(h) = h**2 - 3*h - 3. Let u be 6*(-3)/(27/(-33)). Let v = u + -20. Suppose -10 = -2*q - v. Give g(q).
1
Let x(d) = -2*d + 22. Let o be x(10). Let p(n) = -2*n**o + 10*n + 1 - 3 + n**2 + 0*n. Give p(8).
14
Let l(m) = -3*m**3 + 7*m**2 + 19. Let g(d) = -2*d**3 + d**2 + d. Let r(i) = -2*g(i) + l(i). Give r(-6).
-5
Let a(z) be the first derivative of z**6/120 + 7*z**5/60 + z**4/4 + z**3/6 + 7*z**2 + 4. Let f(o) be the second derivative of a(o). Calculate f(-5).
21
Let y be (5 + -2)/6*-16. Let x(w) = w**2 - 10*w + 17. Let s be x(9). Let q(b) = 3*b**3 + 59*b**2 - 4*b**3 - s - 67*b**2. Calculate q(y).
-8
Let c = -23 + 57. Suppose 6 = -4*n + c. Let p = -12 + n. Let i(l) = l**3 + 5*l**2 - l - 7. What is i(p)?
-2
Suppose 3*r + 16*r + 95 = 0. Let i(q) = q**3 + 5*q**2 + 2*q + 5. Give i(r).
-5
Let i(p) = p**2 + 6*p - 5. Let n(t) = -6*t**2 - 29*t + 26. Let d = 95 + -97. Let b(x) = d*n(x) - 11*i(x). What is b(7)?
-4
Suppose 13 = 9*f + 22. Let c(i) be the first derivative of 2/3*i**3 + 1 + 1/4*i**4 + 0*i + 1/2*i**2. Determine c(f).
0
Let a(o) = -5*o**3 - 496*o**2 - 6*o**3 - 5*o + 493*o**2 + 10*o**3 - 4. Give a(-2).
2
Let i(f) = f**3 + 6*f**2 + 2*f + 6. Suppose -3*p = -3*b - 39, 2 = -2*p - b + 16. Let z = 12 - p. Suppose z*n + 24 = -n. Calculate i(n).
-6
Let k be (4/14)/(1/7). Let h(p) = -44 + 51 + 2*p - k*p + p. Suppose -6*a + a - 35 = -2*c, -3*c = -5*a - 40. Give h(c).
12
Let b(h) = h + 2. Suppose -7 + 1 = -6*i. Let z be b(i). Let a(w) = w**2 - 2*w + 4. Determine a(z).
7
Let g(y) = 6*y**2 - 3*y + 2. Let r(p) = -79*p**2 + 712*p - 7. Let v be r(9). Give g(v).
20
Let l(a) = 4*a + 24. Let x be l(-6). Suppose 5*b - 5*z = -x*z + 10, -4*b - 4*z = -32. Let t(n) = -2*n - 5. What is t(b)?
-15
Let q(i) = -1. Let l = -27 + 28. Let n(k) = k**3 - k**2 - 3*k + 1. Let m(y) = l*n(y) + 4*q(y). Determine m(3).
6
Let g(k) be the third derivative of -7*k**5/60 - k**4/12 + 478*k**2. Determine g(-3).
-57
Let a(u) = u - 14. Let w(y) = 21*y**2 - 148*y + 7. Let s be w(7). Determine a(s).
-14
Let f(y) = 77*y**3 - 3*y**2 - 78*y**3 - 10 + 4*y - 6*y**2 + 5*y. Determine f(-10).
0
Let k(g) = g**2 - 10*g + 4. Let p(i) = -i**3 + 8*i**2 + 9*i. Let q be p(9). Let o = q - -7. Give k(o).
-17
Suppose 6*j - 10 - 14 = 0. Suppose 2*y - 2*m = 3 - 1, 2*y - 12 = j*m. Let i(u) = -u - 1. Give i(y).
3
Let o(z) = -8 + 9 + 0*z - 27*z. Give o(1).
-26
Let c be 2/7 + 30/(-7) + -2. Let u(d) = -d**3 - 6*d**2 - 2*d + 4. Give u(c).
16
Let q(i) = -i**2 - 2*i + 4. Suppose -85 = 14*y + 13. Calculate q(y).
-31
Let v(d) = -d**2 - 55 + 31 + 27 - d. What is v(-4)?
-9
Let a(n) = -2*n**2 + 7*n - 3. Let m(o) be the first derivative of -o**3/3 + 7*o**2/2 - 2*o - 2. Let i(c) = -2*a(c) + 3*m(c). What is i(-5)?
-10
Let f(z) = 7*z**3 - 4*z**2 + 4*z + 26. Let n(v) = 8*v**3 - 3*v**2 + 5*v + 27. Let d(m) = -7*f(m) + 6*n(m). Give d(10).
0
Let o(z) be the first derivative of 2*z**3/3 + z**2 - 2*z - 1. Let b = 56 + -50. Let a = 4 - b. Calculate o(a).
2
Let k(r) be the third derivative of 1/60*r**5 + 6*r**2 + 0*r + 1/2*r**3 + 1/12*r**4 + 0. Let i(j) = j + 1. Let v(t) = 5*i(t) - k(t). Determine v(4).
-2
Let u(d) = 20*d - 5. Suppose -84*v + 158 = -5*v. Calculate u(v).
35
Suppose -2*c + 12*m - 10*m - 16 = 0, 2*c + 4*m = 2. Let s(l) = 4*l + 23. Determine s(c).
3
Let v be (3 - 2 - 2)*-1. Let i(n) be the second derivative of -8*n**3/3 + n**2/2 + 155*n. Give i(v).
-15
Let t(g) = -9*g - 7. Let k = 2907 - 2905. Calculate t(k).
-25
Let p(b) = b**3 + 4*b**2 + 4*b - 1. Let j = 760 - 764. What is p(j)?
-17
Let s = 10 + -8. Let t(j) = 2 - j + 3*j + 1 + j**3 + 5*j**s + 0. Suppose 0*u = -5*u - 15. Give t(u).
15
Let k(a) = -a**2 - 6*a - 6. Let x(u) = u + 1. Let z be x(1). Suppose -z*h + 20 = 3*h. Suppose -h*j + 2 = 2*i, -j = i - 0 + 2. Give k(i).
-1
Let y(a) = -2*a**2 - 8*a + 11. Suppose 4*z + 19 + 13 = -4*o, 3*o + 24 = -5*z. What is y(o)?
-53
Let d(r) be the third derivative of r**7/5040 - r**6/180 + r**5/30 - 11*r**2. Let f(n) be the third derivative of d(n). Determine f(6).
2
Let m = 355 + -352. Let h(r) be the second derivative of 5*r + 0*r**2 + 5/6*r**4 + 0 + 1/6*r**m. What is h(-1)?
9
Let p(v) = -2*v**2 + v + 2. Let x be 15/(-6)*(-8)/(-10) + -37. Let n = x - -41. Give p(n).
-4
Let u(o) = -o - 4. Suppose 10 - 4 = -3*b. Let x = b - -6. Suppose v - 15 = 3*a - 4*v, -x*v = 4*a - 12. Determine u(a).
-4
Let g(p) = 9*p + 19. Suppose 0 = -3*c + 4*i - 2, -6 = -5*c + 2*i - 0*i. Let h(q) = -4*q - 10. Let d(s) = c*g(s) + 5*h(s). What is d(-8)?
4
Let x = -147 - -149. Suppose 2*y + 16 = -3*l + 5*l, -5*l - 3*y = 0. Let c(p) = p**l - 1 + 4*p**x - 1 + 2*p + 3. Determine c(-4).
-7
Suppose 0*s + 8 = s. Let q(t) = s + 8 + t - 7. Let g = -25 + 18. Calculate q(g).
2
Suppose w = v + 2, -2*v = -4*v - 4*w + 26. Let p(b) = -b**2 - 5*b - 8. Let u(t) = -t**2 - 4*t - 7. Let x(m) = -3*p(m) + 4*u(m). Give x(v).
-16
Let h(x) = 9*x**2 - 20 + 3*x**2 + 12*x - x**2 - 10*x**2. Determine h(-13).
-7
Let b(v) = 2*v + 2. Let d be 21/((-80)/(-32) + 2/4). Determine b(d).
16
Let l(g) be the second derivative of g**5/20 + 7*g**4/6 - g**3/6 - 17*g**2/2 - 920*g. Calculate l(-14).
-3
Let m(j) = j**3 + j**2 - 3. Let n be m(0). Let l = n + 0. Let w be -3 - -3 - -2 - l. Let x(g) = g**3 - 4*g**2 - 6*g + 1. What is x(w)?
-4
Let t(r) = -2*r**2 - 4*r. Let k(x) be the second derivative of x**5/20 - x**4/3 - x**3/6 - 11*x. Let y be k(4). Give t(y).
-16
Let d be (-1)/1*-1*-2 - -2. Suppose 6 = -d*u - 2*u. Let o(k) = 3 - 2*k**2 - 3 - 1 - k. Give o(u).
-16
Let p(b) be the third derivative of 5/24*b**4 + 18*b**2 + 1/6*b**3 + 0*b + 0 - 1/120*b**6 - 1/10*b**5. Give p(-7).
15
Let l(j) = 17*j - 2. Let o(a) = -35*a + 4. Let b(m) = 5*l(m) + 3*o(m). Let z(y) = -7*y + 1. Let k(n) = 3*b(n) - 8*z(n). Determine k(-2).
6
Let x(t) = t**3 - 4*t**2 + 3*t - 6. Let k be (-9)/(-4 + 1) + 0. Let s be x(k). Let i(o) = 2*o + 9. Give i(s).
-3
Let o(y) be the first derivative of -5*y**2/2 + 23*y - 187. Determine o(5).
-2
Let u(l) = -l**2 - 6*l - 4. Suppose 3*r - 32 = 11*r. Determine u(r).
4
Let l(y) = -32*y**2 + 1 - 10*y + 3 - 7 + 31*y**2 - 2*y. Determine l(-12).
-3
Suppose -2*c - i - 3 = 0, 4*c - 2*i = i + 9. Suppose -h + 7*d - 2*d - 19 = 0, c = -5*h - d + 35. Let g(p) = p**2 - 6*p + 6. Calculate g(h).
6
Let n = 13 - 16. Let o(m) = -m - 2. Let v be o(n). Let w(k) = k**3 + k + 1. Let g(q) = -9*q**3 + q**2 - 6*q - 5. Let j(b) = -g(b) - 5*w(b). What is j(v)?
4
Let p(d) = -30*d + 118*d - 32*d - 32*d - 2*d**2 - 29*d + 1. Let g be 1/2*-4*2. Calculate p(g).
-11
Suppose 5*a - 5*k + 24 = a, -4*a - 12 = -2*k. Let d = a - -5. Let i(p) = -160 + 165 - 59*p**2 + 62*p**2 + 4*p**3 - 6*p**3 + p**3. Calculate i(d).
-11
Suppose -16 - 14 = 3*f. Let s = -11 - f. Let w(h) = -h. Give w(s).
1
Let z(n) = 16*n - 4*n + 2 - 11*n. Let s = 25 - 18. Suppose -2*r + 13 = 3*x, 0*x + 2*x - s = -r. Determine z(r).
7
Let m(v) = v**2 - v + 1. Let i(w) = 7*w**2 - 7*w + 6. Let h(t) = -i(t) + 